 (-7 - (-40 - 12))
43
What is 14 - (4 - -10 - 10 - 14 - -70)?
-46
What is -4 + -14 - (1126 - 1190)?
46
Calculate 0 + -10 - (-144 - -89).
45
What is (-9 - -55 - 0) + 10 + (-4 - 2) + -4?
46
-18 - 9 - (-782 + 854)
-99
What is the value of (37 - (-1 + 5) - 8) + (2 - 3)?
24
Evaluate 39 - 0 - (-1026 + 1055).
10
What is 19 + 26 + -6 + -20 + 28?
47
(-3 - (0 - 2)) + 5 + 0 + -21 + 16
-1
Calculate (186 - 184) + 28 + 53.
83
Calculate (2 - (-4 + -10 + 28)) + 26.
14
Calculate (-2 - 47) + (61 - (29 - (29 - 56))).
-44
Evaluate 13 - (0 - (-7 - 0) - (-72 - (37 - 120))).
17
Calculate (-10 - 0) + (53 - 59) + 85.
69
What is (134 + -176 - (1 + -14)) + 33?
4
What is 115 + (-12 - -10) + 28 - 30?
111
(15 - 26) + (-114 + 105 - (-18 + 1))
-3
9 - 2 - (-1 + -2 + (-4 - (-3 - -16)))
27
What is the value of (5 - -67 - 42) + -24 + 0?
6
-73 + (-1 - (-1 + 0)) + 3026 + -3008
-55
What is the value of (8 - -70 - (190 - 151)) + -32?
7
Calculate -12 - (-105 - (-111 + 20) - (1 - -31)).
34
Calculate (-49 - (-31 + -25)) + (-1 - 1) + 0.
5
-392 + 360 + -30 + 1
-61
Evaluate (734 - 729) + (0 - 1) + 6 + 2 + -95.
-83
-23 - (28 + (1 - -9) - 28)
-33
3 - ((-3 - 19) + (1 - 0 - (-30 - -30)))
24
Evaluate (-10 - (-10 + 50)) + (1 - -19).
-30
What is the value of (-2 - (-16 + 38)) + 49 + 34?
59
What is -52 - -46 - 5 - (2 - 11)?
-2
Calculate (130 - (82 + 31)) + 63 + 0 + -1.
79
Calculate 117 - -10 - (455 - 345).
17
Evaluate (5 - (2 + 20 + -32)) + (147 + -11 - -2).
153
What is the value of 21 - (-20 + (24 - (2 - -22)))?
41
Evaluate -86 - -47 - (-47 + 77).
-69
What is the value of (45 - 18) + 2 + 11 + 20?
60
What is the value of (31 - 49 - -11) + (-2 - -11) + 1 + 4?
7
Calculate -5 - (-10 + 7 + -9 + 17).
-10
What is the value of (3 - 1) + -15 + -48 + (-26 - -94)?
7
What is the value of 57 - (-11 - (-37 + 44 - (6 + 0 + 7)))?
62
Calculate 7 + (-4 - 9) + 3 + (3 - (75 + 1)).
-76
Evaluate -27 - (-45 - 4 - -18).
4
Calculate (20 - 12 - -2) + -14 - (-1 - (2 - -2)).
1
What is the value of 42 + -83 - -46 - -3?
8
Calculate (6 - 3) + -17 + 3 + (-74 - (-18 - -8)).
-75
What is the value of 106 + (77 + 35 - 170)?
48
Calculate (-21 - -79) + -11 - 2.
45
Calculate (33 + -59 - -26) + (6 - 74).
-68
-15 - (72 + (-1 - 37))
-49
What is -6 + (8 - 10) + (4 - -10) + -9?
-3
What is 63 - 67 - (-5 - 133 - -5 - (2 - 0))?
131
Evaluate -3 + (3 - -3) + -3 - -3 - (-666 + 677).
-8
49 - (-13 + 6 + (16 - 3) + 0 + 3)
40
What is the value of (0 + (5 - 1) - (1 + -7)) + 192 + -91?
111
What is -25 + (107 - 102) + -52?
-72
136 + 21 + -216 + 1 + -1
-59
Evaluate 82 - (-38 + (127 - 54)).
47
Calculate (19 - 4 - (-9 + 11) - 1) + -68.
-56
What is the value of 13 - (62 + -42 - -131)?
-138
2634 + -2579 + (2 - 4 - 6)
47
Evaluate -13 + 48 - 72 - -4.
-33
What is the value of 1 + -34 + 4 + 2 + -15 + -13 + 34?
-21
What is (-82 - 2) + (-3 - (3 - 58 - -43))?
-75
What is -3 + 13 - 61 - (6 + 9 - 30)?
-36
Evaluate (-112 - (-10 + -33)) + 40.
-29
19 + 6 + (11 - -4) + 8
48
-7 + -15 + 68 - 2
44
Calculate -2 - (13 + -5 + -8) - -30.
28
What is the value of -14 + 13 + -2 + -5 + 21 + 5?
18
5 + 18 - (11 - 24 - -13)
23
Calculate 14 + (-55 - -25) + 8 + (-17 - -3 - -1).
-21
Evaluate 1 + 12 - (6 - -54 - -10 - 57).
0
-1 + (21 - (-5 + 9)) + -1 + 28
43
Calculate (-11 - -30 - 35 - -146) + -14.
116
What is the value of -61 + -16 + 23 - -46?
-8
Calculate 12 + (4 + -35 - -22) - (5 - 14).
12
-6 + -20 - -32 - (19 + -1) - -6
-6
What is -91 + -1 + (8605 - 8543)?
-30
Calculate -17 - (36 - 59 - (-7 - -7)).
6
What is -3 - -18 - (1 - -32)?
-18
What is the value of (-10 - (25 + -73)) + -10?
28
Evaluate (-6 - (-24 - -4)) + -26 - (-50 - 3).
41
What is 273 + -372 + -103 + 52?
-150
What is (-103 - 1) + -49 + (28 - 20 - -53)?
-92
What is the value of 16 + (-30 - -51) - 42?
-5
What is 37 + (26 - 80) - (-3 + 7)?
-21
(-23 - ((-16 - -3) + (-134 - -127))) + -1 + 123
119
3 + 68 + -75 + 53 + 3
52
Calculate 3 + (0 - (-6 - 29) - -6) - (113 + -111).
42
What is the value of (-11 - (4 - 29)) + (-6 - (-130 + (-2 - -9)))?
131
Calculate -68 + 23 + 42 - 28.
-31
Evaluate 42 + -44 + -69 + -1 + 6 + -1 - -4.
-63
-14 - (-51 + 7 + 7) - -5
28
Calculate (59 - 64) + (-2 + -1 + 2 - (2 - -3)).
-11
Calculate (-58 - (-77 - 21)) + 24.
64
What is 7 - 3 - (-7 - (10 - 22) - -15)?
-16
-7 - (1 + (-1 - 1) + (15 - (41 + -19)))
1
What is the value of -4 + 51 - (-833 + 832)?
48
Calculate 28 + -36 - (-11 + 8 - ((2 - 1) + -11)).
-15
What is the value of -14204 + 14110 - (-79 + 1)?
-16
(-52 + -119 - -77) + 65
-29
Calculate (-19 + 5 - (-21 - -13)) + -140.
-146
Evaluate 1 + -16 + (124 - (193 + -51)).
-33
What is -16 + 16 + -12 - (7 + -8 - 45)?
34
Calculate -110 + 183 + -32 - (137 + 1).
-97
What is the value of -40 + 16 + -10 + -27 + 19?
-42
What is the value of 20 - (-59 - (57 + -84))?
52
What is the value of (-5 - 1) + -2 + -1 - (-941 + 978)?
-46
What is (-2 - 2) + (-475 - -500)?
21
10 + -1 + -15 + 4 - 5 - -38
31
What is 6 + 67 - (-36 - -23) - (26 - 38)?
98
Calculate 58 + (68 - (87 + 13)).
26
Evaluate 0 + -37 + 13 + (-78 - -46).
-56
Calculate (0 - 13) + 24 + (-28 - -27) + 10.
20
What is -47 - (23 + (-38 - -22))?
-54
What is 20 + -129 + -35 + 39?
-105
Calculate 11 + -4 + (-7 - (-10 - -14)) - -30.
26
3 + (-22 + (41 - 33) - (-8 + -1)) - -60
58
Calculate -123 + 4 + -77 + 158.
-38
Evaluate -26 - (-111 + 43 + 10).
32
What is 27 - 98 - (28 + -137)?
38
-354 - -519 - ((21 - 6) + 6 + -1)
145
Calculate (1482 - 1475) + (24 - 1).
30
What is -2 + 3 + 12 + (1062 - 1055)?
20
Calculate -7 + 12 + -1 + 15 + 17 - 13.
23
Calculate -66 + (2 - (13 - 6)) + 20.
-51
Evaluate 44 + 1 + (1 - -24) + -46 + 23.
47
Calculate 4 + -31 - ((40 - 19) + -35) - 9.
-22
Calculate 10 + (-80 - -88 - (10 + 2)) + -90.
-84
Calculate (281 - 289) + (118 - (-1 - 0)) + 4 + -5.
110
-8 + (-5 - -20 - 14 - -11) + (-9 - -78)
73
What is the value of (12 + -9 - -47 - -7) + -22?
35
Calculate -7 + 142 + -143 + 0 + 117.
109
Evaluate -2 + -26 + (-1 - (-28 - -10 - -5)).
-16
Evaluate (12 - -31) + 486 + -506.
23
Calculate 132 + 132 + -251 - (1 + 1 - -13).
-2
(-1021 - -955) + -1 + 50 + 59
42
What is the value of -68 - -66 - (12 - -2)?
-16
What is the value of 2 - (32 + (17 - (-22 - -10 - -21)))?
-38
What is the value of -3 + 0 - (104 - 103) - (7 + 12 + 8)?
-31
What is the value of (-4 + 23 - -3) + (-62 - -89)?
49
What is the value of 8 + (-17 - 8) - (-19 + -5) - (-113 - -1)?
119
What is (0 - -9) + (519 - 545 - (-14 - -1)) - -45?
41
What is the value of 6 + -11 + -18 + (3 + -29 - -18)?
-31
-35 + -19 + (0 + 3 - -16)
-35
Calculate 18 + -73 - (44 - 60).
-39
What is (30 + -73 + 46 - (2 + -4)) + (42 - 1)?
46
Calculate 1 - -22 - (184 - (168 + 48)).
55
Evaluate -385 - -391 - (-3 + (3 + -3 - 10)).
19
What is the value of (0 - -3) + 88 - -1 - -2 - (-3136 + 3131)?
99
What is 11 - (0 - 0) - (173 - (67 + 119))?
24
What is 1 + 0 + (25 - -2) + -28 - 19 - 6?
-25
-20 - 25 - (222 + -211)
-56
Calculate 81 - 139 - -169 - (34 - 1).
78
-112 + (-12 - (1 - (10 + -7)) - -20)
-102
Evaluate 36 + -2 - ((28 + -25 - -11) + -3).
23
What is the value of -10 - -8 - (-3 - -5) - -50 - 1 - -6?
51
What is -310 + (629 - 316) + -6 + 1 + -2?
-4
31 - ((35 - 102) + 160)
-62
(2 + -13 + -21 - 13) + -1 + 14
-32
Evaluate (-7 - (-6 + (-2 - 15) + 8)) + -10.
-2
Calculate -7 - (-17 + (-11 - (10 + -3 + -33))).
-5
Evaluate (15 + -1 - (9 - (-1 + -5 - -22))) + 4.
25
Calculate 0 - (6 - ((0 - 1 - -11) + (-5 - 1))).
-2
What is (18 - (7 + -18)) + -34 - -45?
40
Evaluate -9 - ((1 - -66) + -18 + 32 + -12 + -6).
-72
Evaluate (-38 + 2 + 150 - 16) + 1.
99
Evaluate 6 - (-23 + 15 + 0 + 15).
-1
What is the value of -493 + 511 + (-1 - (-1 - -3))?
15
Evaluate (-9 - 1) + 6 + 8 - (-63 + -4 + 9).
62
What is the value of -4032 + 4056 - (0 + 9 + 0)?
15
What is the value of (-2 - -2) + (2 - -75) + -42 + 16 + 18?
69
(3 - 38) + 7 + 71
43
What is the value of (9 - 1) + -89 + 7?
-74
What is the value of (-22 + -8 - (-17 - -9)) + -46?
-68
What is 12 + (-13 + 5 - 5) + (0 - -46)?
45
Evaluate 12 + -1 + -13 + (13 - (6 - -10)).
-5
Calculate 9 + (1 - 7) + -26 - -7 - 8 - -4.
-20
Calculate -10 + 81 - (34 + 9).
28
Calculate (6 - 25) + 8 + (-3 + 4 - 4).
-14
42 + -47 + (3 - -6) + 44
48
What is -137 + 233 + -16 + 9?
89
What is (15 - 62) + 12 + 79?
44
(-57 - (-189 - -43)) + -48
41
What is (-90 + 22 - -149) + -55?
26
Calculate (81 - 94) + (5 - -1 - 5).
-12
Evaluate (-357 - -414) + -12 + (1 - 